 - 9. Determine o(z).
-1
Let k(b) = -96 - 6*b - 96 - 80 + 258. What is k(-7)?
28
Let s(m) be the third derivative of m**5/60 + 7*m**4/24 - 2*m**3/3 + 2*m**2 + 16*m. Give s(0).
-4
Suppose 0 = 13*h + 620*h + 472*h. Let t(a) be the first derivative of a**4/24 - a**3/3 - a**2/2 + 2. Let g(w) be the second derivative of t(w). What is g(h)?
-2
Let s(k) = -k**2 - 5*k - 1. Let q(x) = x**2 - 9*x + 11. Let j = 12 + -5. Let d be q(j). Let u be s(d). Let a(b) = 2*b - 3. Determine a(u).
7
Let m(z) = -16*z - 8. Let v(j) = 13*j + 6. Let q(g) = 5*m(g) + 6*v(g). Let s = 19 - 10. Let n = -15 + s. Give q(n).
8
Let v(s) be the first derivative of -s**2 + 4*s - 53. Let q = 3 - 3. Suppose q*l - 3*f - 31 = 5*l, -6 = 3*f. Determine v(l).
14
Let y(j) be the second derivative of j**4/4 - j**3/6 + 57*j**2 - 11*j. Let i(z) be the first derivative of y(z). What is i(1)?
5
Let y(s) = 31*s**2 - 130*s + 10. Let u be y(4). Let f(r) = -2*r - 22. Determine f(u).
6
Let x = -15070 - -15074. Let p(h) = -h**3 + 6*h**2 - 13*h + 31. Calculate p(x).
11
Let f(n) = -n**2 + 5*n - 2. Let u = 314 - 312. Suppose -g = 4*h + 8, 2*g + u*h - 2 = -0*g. Give f(g).
2
Suppose -46 = -3*m - 43. Let f(b) = 6*b**3 - 2*b. Let l be (-8)/6 + ((-28)/(-12) - 3). Let i(z) = 5*z**3 - z. Let x(r) = l*f(r) + 3*i(r). Give x(m).
4
Let f(a) = 16*a + 6 - 4*a - 6*a - 11*a. What is f(4)?
-14
Let c(u) be the first derivative of 31*u**2/2 - 195*u + 4903. Give c(6).
-9
Let k be -12 + 8 + (0 - -1). Let l(q) = q**3 + 47*q**2 + 5*q + 4. Let c(y) = -2*y**3 - 101*y**2 - 10*y - 8. Let t(h) = -6*c(h) - 13*l(h). Give t(k).
-7
Suppose 7*v + 4*v - 297 = 0. Let k = 37 - v. Suppose k - 2 = -8*x. Let z(o) = -o. Determine z(x).
1
Suppose 5*n - 55 = -5*a, -1334*n - 3*a = -1335*n + 31. Let c(v) = -v**2 + 16*v - 13. Determine c(n).
-13
Suppose -5*m = y - 8*m + 292, -1420 = 5*y + 5*m. Let h = -275 - y. Let p(u) = u**2 - 12*u + 8. Determine p(h).
-3
Let o(m) = -16*m**3 - 9*m**2 - 14*m - 42. Let h(q) = 3*q**3 + 2*q**2 + 3*q + 8. Let k(i) = 13*i - 41. Let z be k(4). Let w(j) = z*h(j) + 2*o(j). What is w(-3)?
-2
Let t(i) = i - 1. Let p be t(7). Let u(a) be the third derivative of -a**3 + 0 + 0*a - 12*a**2 + 1/24*a**4. What is u(p)?
0
Let s(m) = 13*m - 62. Let z(h) = 15*h - 75. Let g(u) = 7*s(u) - 6*z(u). Calculate g(-6).
10
Suppose 30 = -5*h + 120. Let u be h/(-90) - 29/5. Let q(x) = x**3 + 7*x**2 + 9*x + 2. Give q(u).
-16
Let c be 6 + (4 - 0)/(-1). Let k be (-2)/((5 - 2)/(-3)). Suppose -5*a + a + k*l = 6, 5*l - 23 = c*a. Let v(t) = -9*t**3 + t**2 - t. What is v(a)?
-9
Let u(r) = 10*r + 28. Let s(b) = 2*b - 12. Let h(k) = 5*s(k) + 2*u(k). Determine h(3).
86
Suppose -15*w = -51*w + 10440. Let g(a) = -135*a + w*a - 7 - 152*a. What is g(5)?
8
Let d(t) = -55*t**3 - 4*t**2 + 24*t - 3. Let g(u) = -46*u**3 - 4*u**2 + 22*u - 3. Let k(b) = 5*d(b) - 6*g(b). Determine k(-6).
3
Let l(d) = -2*d - 116. Suppose -2*x + 9*x + 378 = 0. Determine l(x).
-8
Suppose 4*l + 55 = 63. Suppose 5*i - 2*a - 29 = 0, -l*i + 4*a + 1 = -1. Let j be -5*1 + (i - 6). Let k(p) = -2*p**2 - 5*p + 4. Determine k(j).
-8
Suppose x = 5*d + 13, 4*x + 5*d = -29 - 19. Let r(j) be the first derivative of -j**4/4 - 8*j**3/3 - 3*j**2 + 8*j + 1. What is r(x)?
1
Let u(x) = 168*x - 537. Let z(c) = -13*c + 40. Let f(o) = 4*u(o) + 54*z(o). Determine f(1).
-18
Let x = -10 + 10. Suppose 3*g = 3*n - 4*n - 11, 3*n + 6 = x. Let r(w) = -3*w**2 + 4975*w + 4*w**2 - 4976*w. Calculate r(g).
12
Suppose 0 = 14*z + 10*z - 144. Let q(w) = -19*w**2 + w**2 - w**2 - z + 5 - 9*w**2. Calculate q(-1).
-29
Let u be 0 + (-5)/20 - 14/(-28). Let b(w) be the first derivative of 11 + 1/2*w**2 - w + 0*w**3 - u*w**4. Determine b(0).
-1
Suppose -168 = -7*i + 3*i. Let z = -46 + i. Let c(a) be the second derivative of -a**3/6 - a**2/2 + 2*a - 6. Give c(z).
3
Let i(g) = 11*g**2 + 8*g + 11. Let n(c) = 31*c**2 + 20*c + 33. Let u(a) = 17*i(a) - 6*n(a). Calculate u(-17).
6
Suppose -152*k = -44*k - 3240. Let h(c) = -c**3 + 31*c**2 - 33*c + 88. Calculate h(k).
-2
Suppose -7*h + 1040 = -10. Let a(j) = h*j + 3*j**3 - 148*j - 2*j**3 + 4 + 4*j**2. Give a(-3).
7
Suppose 2*n - 3*n + 11 = w, 2*w - 64 = -5*n. Let m(g) = 13*g**2 + g - 8*g + 1 + 3*g - n*g**2. Suppose 3*v = -4 - 8. Calculate m(v).
1
Suppose -176 = -23*r - 21*r. Let x(h) = -16*h + 6. What is x(r)?
-58
Let s(c) = -39*c**2 + 46*c + 23. Let j(k) = -63*k**2 + 70*k + 35. Let y(o) = 5*j(o) - 8*s(o). Give y(-5).
6
Let v be ((-12)/(-30))/(12/32 + (-37)/120). Let w(f) be the second derivative of f**4/12 - 4*f**3/3 - 5*f**2/2 + 6*f. Calculate w(v).
-17
Let n(d) = -3*d**2 + d - 1. Let x = -1635 - -1633. Determine n(x).
-15
Let d(f) = -3*f + 1. Let o(h) = -h**2 - 8*h + 3. Let m = -44 + 76. Suppose -3*r = -a - a - 4, -3*a - m = 2*r. Let w be o(a). What is d(w)?
-8
Let v(d) be the first derivative of -d + 76 - 11/2*d**2. Calculate v(-3).
32
Let z be 28 + -40 + 435/36. Let n(i) be the third derivative of 0 - 8*i**2 + 0*i - 5/24*i**4 - 1/3*i**3 - 1/120*i**6 + z*i**5. Calculate n(4).
-6
Let x(r) = -22*r + 23. Let q be x(1). Let y(b) = -20*b + 3. Let k(i) = 3*i + 1. Let z(v) = q*y(v) + 6*k(v). What is z(10)?
-11
Let f be (-132 + 131)*18*(15/6 + -2). Let v(o) = 14*o + 90. Give v(f).
-36
Suppose 5*l = -0*l - 20, 4*g - 108 = 4*l. Suppose 28*p + 30 = g*p. Let w(q) = -2*q**2 - q**2 + 4*q**2 - 6 + 4*q. Give w(p).
6
Let b(v) = 0 + 7 - 7*v**2 - v**3 + 0*v**3 - 2*v. Suppose -6*l - 20*l = -6602 + 6758. Give b(l).
-17
Let z(y) be the second derivative of 0*y**3 - 2 - 1/2*y**4 - 1/2*y**2 - 5*y. Give z(-1).
-7
Let t(q) be the first derivative of -10/3*q**3 + 0*q**2 + 1/40*q**5 + 1/12*q**4 + 0*q + 1. Let o(n) be the third derivative of t(n). Determine o(-2).
-4
Let m(j) = -10*j**2 + j + 1. Let i(z) = -z**2 + 11*z + 241. Let s be i(22). Calculate m(s).
-10
Let d = -6140 - -18422/3. Let o(f) be the second derivative of 24*f + 0 - 1/2*f**2 + d*f**3. What is o(2)?
7
Let z(b) = -13*b + 1. Suppose 24*f - 155 = -7*f. Let t(k) = 7*k. Let q(r) = f*t(r) + 3*z(r). What is q(2)?
-5
Let f(x) = -x**2 - 8*x - 8. Let d be (-40)/12*72/48 + -3. Determine f(d).
-8
Let t(f) = -3*f - 83. Let x be t(-24). Let q(a) = -6*a**2 - 69*a - 26. Let u be q(x). Let g(y) = -7*y + 1 + 8*y**2 - 1 - y**3 + 5. Calculate g(u).
5
Let r(p) = p**3 - 10*p**2 + 10*p - 10. Suppose -a - 3 = 2*h - 0*h, 5*h - a + 18 = 0. Let i be h*(-7)/(7/3). Calculate r(i).
-1
Let a be -20*3/(-6)*(3 + -2). Suppose a*y = 4*y + 372. Let c = 63 - y. Let m(i) = -8*i. What is m(c)?
-8
Let q(o) = o**3 + 11*o**2 + 11*o + 12. Let u(d) = 4*d + 26. Let a = 40 + -48. Let p be a/(-4) + -15 + 4. Let r be u(p). Determine q(r).
2
Let t be (9/5)/((-6)/(-100)). Let n be t/(-20)*(-16)/(-3). Let u(o) = -o**2 - 9*o + 7. Give u(n).
15
Let o(m) = -27*m**3 - 67*m**2 - 9*m + 20. Let q(p) = 29*p**3 + 71*p**2 + 11*p - 20. Let z(f) = 14*o(f) + 13*q(f). Calculate z(-16).
4
Let l(h) = -13 + 5 + h + 18. Suppose 2*f = -3*g + 10 - 33, -3*g + 4*f - 17 = 0. Determine l(g).
3
Let o(i) = -7*i + 14. Let d(r) be the third derivative of -13*r**4/24 + 9*r**3/2 - 4*r**2 - 5. Let n(v) = 6*d(v) - 11*o(v). Determine n(5).
3
Suppose 12*t - 2 + 2 = 0. Suppose 24 = 2*v - 4*y, t = -4*y - 0 - 20. Let j(o) = -2 - 4*o**v + 3*o**2 + 0*o**3 + 3*o**3 - 4*o**3. Calculate j(0).
-2
Let h = 367 - 209. Let j(x) = -50*x - 55*x + 1 - 51*x + 4*x**2 + h*x. Determine j(-3).
31
Suppose 7*s - 4 = 10. Suppose 4*a = -3*o - 6 + s, 0 = 5*o + 20. Let r(f) = 4 + 5*f - 3*f - 5*f + 2*f**a. Give r(3).
13
Let r(d) be the third derivative of -d**6/120 + 8*d**5/15 - 11*d**4/8 + 67*d**3/6 - 55*d**2 - 2. What is r(31)?
5
Let n(w) = -w - 3. Let i = 31 + -26. Suppose 0 = -r - 4*r + i*g + 25, -r - g = 3. Let s be r*4 + (-48)/6. Determine n(s).
1
Let m(i) = i + 2. Let t be m(-6). Let h(w) = -6*w**2 - w. Let o(k) = -7*k**2 - k. Let y(d) = t*o(d) + 5*h(d). Suppose -6*a + 0 = -12. Calculate y(a).
-10
Let f(k) = -k**2 - 16*k + 14. Let o be f(-16). Suppose -o*q = -9*q. Let n(c) = -c**3 - 11. Calculate n(q).
-11
Let m = -5663 - -5669. Let j(c) = 2*c**2 - 15*c + 14. Determine j(m).
-4
Let c(n) be the second derivative of n**6/120 + n**5/12 - n**3/6 - 31*n**2/2 + 5*n - 4. Let f(w) be the first derivative of c(w). Calculate f(-4).
15
Let p(x) = 13*x**2 + 5*x + 3. Let u be p(-1). Suppose -6*i = u*i - 68. Let v(t) = -11*t + t**3 - 11*t + 2 + 15*t + i*t**2. 